
Let j = 85 + -74. Suppose 489 = -j*v + 14*v. What is the hundreds digit of v?
1
Let q be (5/(5/(-2)))/((-2)/8). Suppose q*t - 685 = -21. What is the units digit of t?
3
Suppose 0*w - 2*w - 2*y = -734, 1855 = 5*w - 5*y. What is the hundreds digit of w?
3
Suppose 425*t - 431*t + 2982 = 0. What is the hundreds digit of t?
4
Suppose -4*z = 4*w + 4, 2*w = -0*w - 6. Suppose l - 4*s = z*l - 233, 856 = 4*l - 3*s. What is the units digit of l?
7
Let c(a) = -3*a + 39. Let p be 2/(3 - 205/65). What is the tens digit of c(p)?
7
Suppose 0 = 2*o + 3*g - 1003, 0 = -4*o + 8*o + 5*g - 2009. What is the hundreds digit of o?
5
Let l be 3/(-2)*56/(-6). Let t(s) = -s**2 + 15*s + 3. What is the tens digit of t(l)?
1
Let l(v) = -69*v**3 - 2*v**2 + 4*v + 4. Let q be l(-2). Let y = q + -344. Suppose -y = -2*g - 2*g. What is the tens digit of g?
4
Let c(z) = 7*z - 5. Let x = 18 + -11. Suppose 0 = -5*v - 3*k + 4 - 3, -5*v + x = k. What is the units digit of c(v)?
9
What is the units digit of (9/6)/(8/((-40992)/(-9)))?
4
Let r(y) = 2*y + 12. Let i = 14 + -14. Suppose -4*h - 32 = -4*b - 6*h, -h + 4 = i. What is the tens digit of r(b)?
2
Let x(f) = -2 - 3*f - 21*f**3 - 2*f**2 + 0*f - 5*f**3. What is the tens digit of x(-1)?
2
Let s(t) = -60*t**3 - 16*t**2 - 57*t**3 + 118*t**3 + 24. What is the units digit of s(16)?
4
Let r(k) = 43*k - 159. What is the tens digit of r(7)?
4
Let u(o) = 2*o**2 + 8*o + 8. Let s be u(-5). Let z = 68 - s. What is the units digit of z?
0
Let k(z) = z**2 + 12*z - 10. Let d be k(-11). Let f be 9/d - 303/(-21). Let v(b) = -b**3 + 14*b**2 + 2*b + 17. What is the tens digit of v(f)?
4
Let b(n) = n**3 - 5*n**2 - 11*n + 105. What is the units digit of b(10)?
5
Let k = 98 + -58. Let n = k + -39. What is the units digit of n?
1
Let y(t) = -t**2 + 6*t - 4. Let b be y(6). Let g be b/(-4)*18/(-2). Let l = g - -61. What is the tens digit of l?
5
Suppose 0 = -5*s - y - 4, -5*s + 7*y - 5*y = -8. Suppose -11*u + 3*u + 840 = s. What is the units digit of u?
5
Let w(y) = -101*y**3 - 2*y**2 - 2*y + 3. Let s be w(1). Let i = -59 - s. What is the tens digit of i?
4
Suppose p + 3*z - 1 = 2, -z + 11 = 2*p. What is the units digit of (-16)/p*441/(-28)?
2
Let m(b) = b**2 - 7*b + 6. Let a be m(5). Suppose -46*l + 55*l = -837. What is the tens digit of (1 + a)/(9/l)?
3
Let k = 47 + 380. Let n = k + -127. What is the units digit of n?
0
Let k(s) = 4*s**3 - 46*s**2 - 29*s - 19. Let b(x) = -x**3 + x**2 - x. Let v(w) = 2*b(w) + k(w). What is the tens digit of v(23)?
2
Let v = 20 - 20. Suppose 0 = 2*q + 2*s - 220, -3*q + 2*s = -v*s - 350. What is the hundreds digit of q?
1
Suppose 4*j - j + 15 = 0, -3*c - 2*j + 41 = 0. Let y be (-6)/8 + (-609)/(-28). Suppose h - c - y = 0. What is the tens digit of h?
3
Let i = 73 - 13. Suppose i = z - y, 3*z + 4*y = 98 + 82. Suppose -2*f + s + 18 = 0, -4*f + s + z = 20. What is the tens digit of f?
1
Suppose -3*u = -2*z - 13, -2*z + 12 = 4. Let b be u/7 - (-2)/2. What is the units digit of (-5)/(-10) + 3/b?
2
Let y be (-74)/(-8) - -4*2/(-32). Suppose y*p = 332 + 91. What is the tens digit of p?
4
Let v = 5218 - 3500. What is the units digit of v?
8
Let v(u) = -u**3 + 17*u**2 - 2*u + 22. Let w be v(16). Let z = w - 170. What is the tens digit of z?
7
Suppose 1 + 2 = 3*l. What is the tens digit of (-3*(4 - 30))/l?
7
Suppose 20*w - 3868 - 4812 = 0. What is the units digit of w?
4
Let h = -1649 - -3038. What is the thousands digit of h?
1
Let n = -8 - 2. What is the hundreds digit of n*(-5)/(-40)*-124?
1
Let m(h) = -43*h - 1. Let j be m(-3). Suppose 3*b = 5*b - 8. Suppose -b*r + j = 44. What is the tens digit of r?
2
What is the tens digit of 5478/54 + 4/(-9)?
0
Let f = -7646 - -12336. What is the units digit of f?
0
Let x(o) = -o**2 + 35*o + 8. What is the units digit of x(25)?
8
Suppose 3921 = -6*v + 9*v. What is the thousands digit of v?
1
Suppose 442 = 2*y + 2*o, 3*o + 2*o + 703 = 3*y. Suppose -y - 502 = -4*u. What is the hundreds digit of u?
1
Let s(a) = -a**2 - 27*a + 6. What is the hundreds digit of s(-18)?
1
Let w(d) = -d**2 - d - 1. Let m(u) = -8*u**2 - 9*u - 1. Let j(z) = -m(z) + 5*w(z). Suppose 0 = -h - 8*h + 27. What is the units digit of j(h)?
5
Let h be 1*7/((-7)/(-5)). Suppose 2*v + 2*y - 490 = 0, -9 - 1 = h*y. What is the hundreds digit of v?
2
Let g be ((-9)/45)/(1/(-10)). Suppose 0*j + 4*i = g*j - 78, -2*j + 3*i = -78. What is the units digit of j?
9
Let y(x) be the first derivative of 11*x**2/2 + 13*x - 5. What is the tens digit of y(4)?
5
Let h(f) = f**2 - 4*f + 1 + 0*f + 2*f + 3. Let y be h(0). What is the units digit of y + (73 - (-1 - -2))?
6
Suppose 4*j - 12 = -0*j. Let u(f) = 2*f + j - 4 - 9*f. What is the tens digit of u(-2)?
1
Let y(z) = -z**2 + 5*z - 6. Let c be y(-5). Suppose -5*i = -f + 99, 4*f - 6*f = -4*i - 84. Let o = i - c. What is the tens digit of o?
3
Let o(z) = 93*z - 2. Let p be o(1). Let r = -82 + p. What is the units digit of r?
9
What is the tens digit of ((-5)/2)/5*(-34440)/41?
2
Let s be 4/(-12)*(1 + -10). Suppose -2*w = -5*i - 304, -w + s*i = -2*i - 147. What is the hundreds digit of w?
1
Let x = 76 - 40. Suppose 0 = -4*l + x + 40. What is the units digit of l?
9
Let p(j) = 12*j**2 + 9*j + 8. Let k(i) = 2*i**2 + i + 1. Let u(z) = -5*k(z) + p(z). Let q be (-3 - 0)*(-1 - -2). What is the units digit of u(q)?
9
What is the thousands digit of (1925/60)/(2/(-18))*-4?
1
Let w be 10/(-4)*(-1312)/40. Suppose -w = 17*d - 19*d. What is the units digit of d?
1
Let k = -3839 - -5390. What is the tens digit of k?
5
Let w be 3/(-15) - (-63)/15. Let y(a) = 105*a - 105*a - 4*a**2 - 2*a**3 - w. What is the tens digit of y(-3)?
1
Suppose 2*k - 2*a = 2776, -5548 = -4*k + 229*a - 226*a. What is the tens digit of k?
8
Suppose 8 = p - 3*v - 6, -5*v - 26 = -3*p. Suppose 18 = 2*t - 2*n, -5*t + p*n = 6*n. Suppose 0*h + 52 = t*h. What is the tens digit of h?
1
Suppose -5*g - 33 = -2*i, 5*i - 29 = 3*g + 25. Suppose i*m = 10*m - 7. Suppose 9*d - 6 = m*d. What is the units digit of d?
3
Let j(t) = 28*t - 59. What is the tens digit of j(7)?
3
Suppose 0 = -2*b - 2*v + 19 - 1, -32 = -4*b - 3*v. Suppose 2 - 32 = -b*h. What is the units digit of 12 + (-8)/h*3?
8
Suppose 12*z - 4*z = 24. Let h be (2/1 + -2)*-1. Suppose -t - z*t + 88 = h. What is the tens digit of t?
2
Suppose 4*f - 1740 = -68. What is the tens digit of f?
1
What is the tens digit of (-18024)/(-30) + 20/(-25)?
0
Let s(l) = l**2 - 5*l + 5. Let x be s(-13). Let d = -53 + x. What is the hundreds digit of d?
1
Let u(a) = -264*a + 16. What is the units digit of u(-3)?
8
Let z = -1010 - -1157. What is the hundreds digit of z?
1
Suppose 5*t + 2331 = -5*x + 25511, -4*x = 2*t - 18550. What is the thousands digit of x?
4
Let z(f) = 401*f**2 + 2*f + 2. What is the units digit of z(-1)?
1
Let l be (2 + 3)*(5 - 28). Let a = l + 196. What is the tens digit of a?
8
Suppose s + 4*o = 1185, -s + 4*o - 40 = -1225. What is the units digit of s?
5
Suppose 0 = 3*g + 4*k - 152, 5*k - 201 = -3*g - g. Suppose -39*o + g*o = 40. What is the units digit of o?
8
Suppose 6*d - 2772 = 2*d + 4*i, 2*i + 2782 = 4*d. What is the hundreds digit of d?
6
Suppose 0 = -3*l - 3*p - 9, -l + 5*l = 2*p + 18. Suppose -l*g + 45 + 105 = -5*c, -c + 225 = 3*g. Suppose 4*f - g = 25. What is the units digit of f?
5
Suppose -17*a = 5*a - 2684. What is the hundreds digit of a?
1
What is the thousands digit of (10/(-3))/(-5) + (-62051)/(-33)?
1
Suppose -2*c = 4*s - 4*c - 3448, -2*s - 3*c = -1716. What is the units digit of s?
1
Let f = 1662 + -508. What is the hundreds digit of f?
1
Let n = 30 - 12. What is the tens digit of (-1 + 4)*246/n?
4
Let n = 22 - 23. What is the units digit of -2 + 1/n*-63?
1
Let k = -132 + 285. Let w = -57 + k. Suppose 0 = -3*q + j + 66 + 12, 0 = -3*q - 5*j + w. What is the units digit of q?
7
What is the units digit of 8/(-44) - 44140/(-44)?
3
Let j(b) = 51*b**3 + 4*b**2 - 5*b + 5. What is the hundreds digit of j(2)?
4
Let r(m) = 3*m + 1. Let a be r(1). Let w = 90 + -106. What is the tens digit of ((-11)/2)/(a/w)?
2
Suppose -22*t + 24*t = 8. Suppose -t*c - 620 = -9*c. What is the tens digit of c?
2
Let b be 4/1*(-14)/(-4). Suppose -b*u + 7*u + 917 = 0. What is the tens digit of u?
3
Suppose 3*t = w + 328, 2*w + 46 - 362 = -3*t. What is the tens digit of t?
0
Let w = -1734 - -2894. What is t